b?
6
Let u = -1489 + 1481. Suppose 4*l - 112 = 4*a, 201 = -5*a - l + 67. What is the hundreds digit of u/12 + 1329/a*-3?
1
Let h = 26 - 16. Let g(r) = 2*r**2 - 13*r - 4. Let x be g(h). Suppose -x = -7*m + 74. What is the units digit of m?
0
Let i(j) = -151 - 67 + 13*j - 4*j + 66*j. What is the units digit of i(11)?
7
Suppose 0 = -9*t + 29 + 34. Let f(w) = -7*w + 9*w - 5 + 14*w. What is the hundreds digit of f(t)?
1
Let v = 8482 + -4329. What is the units digit of v?
3
Suppose 37*c - 5082 = 44*c. Let s = c - -1018. What is the tens digit of s?
9
Let m(w) = -2*w**2 - 8*w + 10. Let l be m(-6). Let r = 17 + l. Let j = 25 - r. What is the units digit of j?
2
Suppose 0 = 2*w - 41 + 5. What is the units digit of (-16240)/(-18) - 4/w?
2
Let h be (-6)/9*195/(-26). Suppose h*s - 185 = 125. What is the tens digit of s?
6
Suppose 5*t = -4*i - 25, 6 = -2*i + 10*t - 6*t. What is the tens digit of -6 + 1 - i - 4744/(-4)?
8
Let c(x) = 12*x**2 + 41*x + 186. What is the hundreds digit of c(-61)?
3
Suppose 3*p + 15 = 26*h - 27*h, -3*h = -3*p - 15. Suppose -4*l = -3*l + 4*w - 653, -4*l + 3*w + 2536 = h. What is the tens digit of l?
3
Let x(a) = 68*a - 1. Let l be x(1). Let g = 512 + -376. Let w = g - l. What is the units digit of w?
9
Suppose 484*r = 639*r - 1179217 - 1009848. What is the hundreds digit of r?
1
Suppose -5*y = 17*l - 18*l + 5056, 0 = -y - 1. What is the hundreds digit of l?
0
Let i(n) be the third derivative of 5*n**4/12 + 3*n**3 - 13*n**2. Let m(g) = 70*g + 125. Let u(s) = 20*i(s) - 3*m(s). What is the units digit of u(-6)?
5
Suppose 46490 + 123030 = 40*u. What is the tens digit of u?
3
Let k(j) = j**2 + 11*j + 16. Let z be k(-6). Let m be (-26)/91 - 102/z. Suppose -12*g + 425 = -m*g. What is the tens digit of g?
8
Let l be 19/2 + 1/(-2). Let b be ((-2)/6)/((l/(-3))/3141). Suppose -2*s = 5*n - 3*s - b, -s = -2*n + 139. What is the tens digit of n?
7
Suppose 6*r - 83519 = 2887. What is the ten thousands digit of r?
1
Let f(b) = -b**2 - 12*b + 16. Let v be f(-12). Suppose -9*a = -27 - 189. Suppose v*i = a*i - 808. What is the tens digit of i?
0
Let v = 42 - 25. What is the units digit of (-473 + 2)/(v + -18)?
1
Let r(f) be the second derivative of f**4/4 + 3*f**3 + 6*f**2 + 2*f - 9. What is the units digit of r(-13)?
5
Let i = 132 + -108. Let y = -25 - -48. Suppose 49 = i*d - y*d. What is the units digit of d?
9
Suppose -5*c - f + 4*f + 25 = 0, 5*c = -4*f + 60. Let q = -2 + c. What is the units digit of (-6)/q - (-2 - -1 - 2)?
2
Suppose 3*h + m = 7405, 0*h - 2*m + 9870 = 4*h. Suppose -30*t + 12320 = -h. What is the hundreds digit of t?
4
Let y be 8*42/(-56)*(-1)/3. Suppose -1898 = -0*w - y*w. What is the units digit of w?
9
Let w = -225 + 229. Suppose 0 = w*b + 119 - 195. What is the tens digit of b?
1
Suppose 4*b + 31*z - 35*z - 48328 = 0, 2*b - 4*z - 24152 = 0. What is the hundreds digit of b?
0
Suppose 0 = 57*q + 391133 - 2727677. What is the hundreds digit of q?
9
Let f(o) = -o**3 + 7*o**2 - 5*o + 4. Let x be f(7). Let z = 32 + x. What is the units digit of (140/30)/(z/6)?
8
Let v(r) = -r**2 - 7*r - 7. Let z be v(-9). Let c = 15 + z. Let l(h) = -22*h - 54. What is the units digit of l(c)?
6
Let m = -290 + 485. Suppose -6*q = -q - m. Suppose q = 5*b - 4*b + j, -2*b + 87 = 5*j. What is the units digit of b?
6
Let u(z) = -35*z - 9. Let s(r) = -52*r - 14. Let t(o) = -5*s(o) + 7*u(o). Let m be t(-3). Let n = m - -41. What is the units digit of n?
3
Let m = 1061 + -631. Let r = m + -99. What is the hundreds digit of r?
3
Let n = 2603 + -896. Let c = n - 823. What is the tens digit of c?
8
Suppose 0 = -2*y - 269 + 67. Let k = -5843 - -5997. Let u = k + y. What is the tens digit of u?
5
Suppose 4*q = -q + 20. Let n be (7 - 29)*(-26)/q. Suppose n = -5*r + 553. What is the tens digit of r?
8
Suppose 71 = -4*s - 365. Let t = s - -39. Let z = -48 - t. What is the units digit of z?
2
Let z(y) = 8*y**2 - 8*y + 7. Let j = 108 - 105. Let g(l) = -9*l**2 + 7*l - 8. Let m(o) = j*z(o) + 2*g(o). What is the units digit of m(5)?
5
Suppose -f - 128 + 3350 = 0. What is the tens digit of f?
2
Let g(f) be the third derivative of -f**5/60 + 17*f**4/8 + 13*f**3 - 63*f**2. What is the hundreds digit of g(41)?
4
Suppose 16*w - 31*w = -45. What is the units digit of w + 3*810/5?
9
Suppose 0 = 5337*m - 5350*m + 365651. What is the units digit of m?
7
Let q(r) be the first derivative of 93*r**2 + 27*r + 64. What is the tens digit of q(2)?
9
Let k = -175 - -2701. Suppose 5*u + 341 - k = 0. What is the units digit of u?
7
Let g be (6/(-5))/((-200)/500). Let c(b) = 75*b**2 + 10*b - 36. What is the hundreds digit of c(g)?
6
Suppose -4*m - 2*s = -23734, -59*m + 5*s = -58*m - 5950. Suppose 10*k - m = 7905. What is the units digit of k?
4
Let y = -151 - -157. Suppose -119 + 107 = -y*v. What is the units digit of v?
2
Let d(q) = 5762633*q + 11*q**2 + 13*q**2 - 5762628*q - 6. Let o = -6 - -3. What is the units digit of d(o)?
5
Suppose -126227 - 277923 = -25*m. What is the thousands digit of m?
6
Let b = 1779 + 2134. What is the units digit of b?
3
Let v be ((-261)/4)/((-1)/4). Let a = 542 - v. What is the hundreds digit of a?
2
What is the thousands digit of -1 - (189875/(-42) + -3)/(11/66)?
7
Suppose -10*l + 12 = -7*l. Suppose l*p + 4 + 12 = 0. What is the units digit of (-2 - (-103)/p)*40/(-15)?
4
Let w(t) = -34*t**3 - 6*t**2 - 7*t + 1. What is the tens digit of w(-3)?
8
Let s = 66176 - 21403. What is the hundreds digit of s?
7
Suppose 36*n = 296390 + 65482. What is the hundreds digit of n?
0
Suppose a - 4 = -2*b, 5*b - 3 = -4*a + 13. Suppose 4*u - 2488 = -8*n + a*n, 4*n - 1861 = -3*u. What is the hundreds digit of u?
6
Let f(l) be the third derivative of 20*l**2 - 1/60*l**6 + 2*l**3 + 0 - 7/60*l**5 - 1/24*l**4 + 0*l. What is the units digit of f(-5)?
2
Suppose -3*k - 204*k + 202653 = 0. What is the units digit of k?
9
Suppose 15457 - 5793 = 2*k + z, 2*k - 9666 = -2*z. What is the tens digit of k?
3
Let o(f) = -f**3 + 164*f**2 + 640*f + 609. What is the ten thousands digit of o(167)?
2
Suppose 0*i + 20 = 4*s + 4*i, -s + 4*i + 5 = 0. Suppose s*j - 155 = 50. Suppose -10*z + 9*z + j = 0. What is the units digit of z?
1
Let i(k) = k**3 + 2*k**2 - 6*k. Let f be i(-4). Let d(o) = o**3 + 8*o**2 - 2*o - 11. Let l be d(f). Suppose -l*m = -1 - 9. What is the units digit of m?
2
Suppose -28*z = -25*z - 9. Let t = 8 - z. Suppose -3*o - o + 2*j + 18 = 0, 5*o + t*j - 15 = 0. What is the units digit of o?
4
Let i be (-5)/((-45)/6) - (-46)/(-6). Let x be i*(-1 - (2 + -2)). Suppose x*m + 26 = 8*m. What is the tens digit of m?
2
Let a be (-38)/(-6) - 1/3. Let u = 477 - 449. Suppose -a*r = r - u. What is the units digit of r?
4
Let g(f) = 41*f**2 - 13*f - 18. What is the units digit of g(-21)?
6
Let h(c) = -1. Let o(x) = -101*x - 67. Let r(n) = 2*h(n) + o(n). What is the hundreds digit of r(-3)?
2
Let m(j) = -j**2 + 12*j + 18. Let a be m(11). Let q = -76 + a. Let x = q - -110. What is the tens digit of x?
6
Suppose 3*s = -6*s + 3654. Suppose -409*k + 96 = -s*k. What is the units digit of k?
2
Let h(f) = -14*f + f + 7 - 33. What is the tens digit of h(-14)?
5
Suppose -3*v + 12 = -v - 2*k, -3*k = 3*v. Suppose j - 1048 = -v*j. What is the units digit of j?
2
Let d(f) = f**3 - 21*f**2 + 82*f + 26. What is the hundreds digit of d(19)?
8
What is the tens digit of 15 + 11884 + 21 - -16?
3
Suppose 8*r = 5*r. Suppose r*w + 78 = 3*w. Suppose 4*s - 30 = -3*x, x = -2*s + 6*s + w. What is the units digit of x?
4
Let u(y) = 6*y**3 - y**2 - 30*y - 36. What is the tens digit of u(6)?
4
Suppose -199*a + 4*r = -204*a + 157116, -r = -4*a + 125718. What is the tens digit of a?
2
Let i(v) = 4*v + 5. Let r be i(0). Suppose -s = -3*z + 2900, r*z - 4828 = -16*s + 15*s. What is the tens digit of z?
6
Suppose u + 5*k = 4366, 2*u - 4553 - 4169 = -5*k. What is the tens digit of u?
5
Let x = -56 - -60. Suppose -9*k + 1710 = -x*k. Suppose 7*u - k + 83 = 0. What is the tens digit of u?
3
Suppose -322*g - 6934392 = -436*g. What is the thousands digit of g?
0
Let s(m) = m**3 - 13*m**2 - 15*m + 15. Let z be s(14). Let x be -21 + 17 + (z - -5). Suppose x = -2*g, 4*v - 402 = -0*v - 2*g. What is the units digit of v?
1
Let d(r) = 1421*r - 4425. What is the hundreds digit of d(29)?
7
Suppose 7*z = 10*z - 12. Suppose 3*l - 1087 = -s, s